0539.
3, 11171
List the prime factors of 95407.
13, 41, 179
List the prime factors of 213981.
3, 71327
List the prime factors of 826703.
29, 983
List the prime factors of 5197898.
2, 41, 63389
List the prime factors of 2758499.
2758499
What are the prime factors of 3195835?
5, 639167
List the prime factors of 2076979.
167, 12437
List the prime factors of 1416262.
2, 708131
What are the prime factors of 371492?
2, 11, 8443
List the prime factors of 47648.
2, 1489
List the prime factors of 2578942.
2, 647, 1993
What are the prime factors of 2126370?
2, 3, 5, 70879
List the prime factors of 1087568.
2, 101, 673
List the prime factors of 182154.
2, 3, 7, 4337
What are the prime factors of 34532215?
5, 19, 363497
List the prime factors of 312503.
47, 61, 109
List the prime factors of 2733842.
2, 1366921
What are the prime factors of 62709?
3, 20903
List the prime factors of 187406.
2, 93703
List the prime factors of 3818873.
43, 88811
List the prime factors of 32059164.
2, 3, 2671597
What are the prime factors of 172609?
101, 1709
List the prime factors of 147597.
3, 49199
List the prime factors of 1421818.
2, 710909
List the prime factors of 3384939.
3, 1128313
What are the prime factors of 10301359?
10301359
List the prime factors of 4207715.
5, 659, 1277
List the prime factors of 2216160.
2, 3, 5, 19
What are the prime factors of 6277683?
3, 2092561
List the prime factors of 2008927.
19, 105733
What are the prime factors of 4214186?
2, 967, 2179
List the prime factors of 30094296.
2, 3, 223, 5623
What are the prime factors of 9577933?
9577933
List the prime factors of 60151.
7, 13, 661
What are the prime factors of 1381372?
2, 41, 8423
What are the prime factors of 3746933?
19, 197207
What are the prime factors of 14112?
2, 3, 7
List the prime factors of 27585533.
23, 1199371
List the prime factors of 16516108.
2, 7, 589861
What are the prime factors of 13353870?
2, 3, 5, 31, 83, 173
What are the prime factors of 23168868?
2, 3, 67, 28817
List the prime factors of 883801.
787, 1123
What are the prime factors of 633808?
2, 7, 5659
What are the prime factors of 13181940?
2, 3, 5, 79, 103
What are the prime factors of 86185?
5, 11, 1567
List the prime factors of 12162385.
5, 31, 78467
List the prime factors of 693038.
2, 173, 2003
What are the prime factors of 40407?
3, 13469
What are the prime factors of 2231810?
2, 5, 7, 31883
What are the prime factors of 1278977?
7, 182711
What are the prime factors of 167686?
2, 83843
What are the prime factors of 5721856?
2, 7, 31, 103
What are the prime factors of 1570156?
2, 7, 8011
What are the prime factors of 186471?
3, 20719
What are the prime factors of 19001?
19001
List the prime factors of 308287.
7, 44041
List the prime factors of 2494115.
5, 13, 38371
What are the prime factors of 226787?
11, 53, 389
List the prime factors of 4951000.
2, 5, 4951
List the prime factors of 8113888.
2, 227, 1117
List the prime factors of 2544059.
7, 363437
What are the prime factors of 307207?
17, 1063
List the prime factors of 652233.
3, 217411
What are the prime factors of 1098125?
5, 7, 251
What are the prime factors of 288114?
2, 3, 31, 1549
List the prime factors of 818069.
7, 116867
List the prime factors of 852263.
852263
List the prime factors of 170404.
2, 13, 29, 113
What are the prime factors of 1735620?
2, 3, 5, 28927
List the prime factors of 748504.
2, 93563
What are the prime factors of 5209930?
2, 5, 11, 47363
List the prime factors of 4694725.
5, 7, 139, 193
What are the prime factors of 430982?
2, 113, 1907
What are the prime factors of 3243669?
3, 11, 13, 7561
List the prime factors of 6827666.
2, 479, 7127
List the prime factors of 328306.
2, 11, 14923
What are the prime factors of 497746?
2, 191, 1303
What are the prime factors of 309510?
2, 3, 5, 19, 181
What are the prime factors of 15747078?
2, 3, 2624513
What are the prime factors of 3418733?
47, 72739
What are the prime factors of 412561?
412561
What are the prime factors of 4313638?
2, 7, 308117
List the prime factors of 679372.
2, 169843
List the prime factors of 351681.
3, 11, 10657
List the prime factors of 480134.
2, 431, 557
List the prime factors of 5679428.
2, 17
What are the prime factors of 1517615?
5, 11, 41, 673
List the prime factors of 1126177.
13, 86629
What are the prime factors of 11976635?
5, 11, 71, 3067
What are the prime factors of 80679?
3, 26893
What are the prime factors of 1971175?
5, 37, 2131
List the prime factors of 8191057.
7, 71, 16481
What are the prime factors of 99503?
19, 5237
List the prime factors of 12936567.
3, 7, 616027
List the prime factors of 728062.
2, 364031
List the prime factors of 6935716.
2, 1733929
What are the prime factors of 42096?
2, 3, 877
List the prime factors of 538813.
11, 61, 73
What are the prime factors of 13445033?
7, 1049, 1831
What are the prime factors of 199212?
2, 3, 13, 1277
List the prime factors of 304934.
2, 7, 23, 947
List the prime factors of 775948.
2, 17, 11411
List the prime factors of 298242.
2, 3, 7, 263
What are the prime factors of 1896870?
2, 3, 5, 53, 1193
What are the prime factors of 1848577?
1848577
List the prime factors of 247814.
2, 7, 31, 571
List the prime factors of 2157826.
2, 11, 43, 2281
What are the prime factors of 18475175?
5, 17, 29, 1499
What are the prime factors of 5454957?
3, 19, 95701
List the prime factors of 243830.
2, 5, 37, 659
List the prime factors of 344258.
2, 43, 4003
What are the prime factors of 356829?
3, 11, 983
What are the prime factors of 108530?
2, 5, 10853
List the prime factors of 453023.
453023
List the prime factors of 505727.
505727
List the prime factors of 781061.
53, 14737
What are the prime factors of 284773?
47, 73, 83
What are the prime factors of 254655?
3, 5, 5659
List the prime factors of 5863934.
2, 151, 19417
List the prime factors of 1439794.
2, 619, 1163
List the prime factors of 11099648.
2, 7, 19, 163
What are the prime factors of 67517?
107, 631
List the prime factors of 2362381.
7, 349, 967
List the prime factors of 1518738.
2, 3, 13, 19471
What are the prime factors of 35219533?
41, 337, 2549
What are the prime factors of 1652452?
2, 413113
List the prime factors of 7312852.
2, 199, 9187
What are the prime factors of 244806?
2, 3, 40801
What are the prime factors of 5109096?
2, 3, 193, 1103
What are the prime factors of 215740?
2, 5, 7, 23, 67
List the prime factors of 22798283.
1567, 14549
What are the prime factors of 101977?
101977
List the prime factors of 340127.
340127
List the prime factors of 7675328.
2, 43, 2789
What are the prime factors of 4157959?
13, 227, 1409
List the prime factors of 332638.
2, 166319
List the prime factors of 4816689.
3, 1605563
What are the prime factors of 138292?
2, 7, 11, 449
List the prime factors of 381569.
381569
List the prime factors of 140817.
3, 73, 643
List the prime factors of 6409732.
2, 7, 23, 37, 269
What are the prime factors of 7708534?
2, 173, 22279
What are the prime factors of 18892962?
2, 3, 11, 95419
What are the prime factors of 1768255?
5, 17, 71, 293
What are the prime factors of 20503197?
3, 11, 13, 89, 179
What are the prime factors of 21466604?
2, 139, 38609
What are the prime factors of 808917?
3, 47, 5737
What are the prime factors of 2978858?
2, 19, 277, 283
List the prime factors of 466192.
2, 29137
What are the prime factors of 503788?
2, 29, 43, 101
List the prime factors of 274999.
59, 79
What are the prime factors of 3734770?
2, 5, 13, 28729
What are the prime factors of 3827356?
2, 13, 89, 827
What are the prime factors of 1561350?
2, 3, 5, 7, 1487
List the prime factors of 1283824.
2, 80239
List the prime factors of 1123851.
3, 41, 9137
What are the prime factors of 2142043?
2142043
What are the prime factors of 8323207?
191, 43577
List the prime factors of 1205928.
2, 3, 1861
List the prime factors of 1053872.
2, 65867
List the prime factors of 95148.
2, 3, 881
What are the prime factors of 312711?
3, 7, 14891
List the prime factors of 1370693.
17, 80629
List the prime factors of 21415251.
3, 11, 13, 49919
List the prime factors of 1421544.
2, 3, 61, 971
List the prime factors of 8030103.
3, 17, 19, 8287
What are the prime factors of 324006?
2, 3, 54001
What are the prime factors of 5977053?
3, 664117
List the prime factors o